w(s) = 9*s**2 - 2*s + 1. Suppose j = 12 - 1. What is the remainder when w(h) is divided by j?
8
Let t(u) = 4*u**2 + 36*u - 9. Calculate the remainder when 162 is divided by t(-10).
7
What is the remainder when 43 + 0 - 3/((-12)/(-8)) is divided by 19?
3
Suppose 2*u - 5*c = 0, -2*u = c - 4*c. Suppose 15 = 2*q - 4*d - 29, -5*q - 4*d + 54 = u. Calculate the remainder when q is divided by 6.
2
Let g(t) = 4*t**3 - 4*t**2 + 5*t - 4. Let j be g(3). Suppose -o + 1 = -4*s - 0*s, 3*o - j = -4*s. What is the remainder when 59 is divided by o?
17
Suppose -2477 - 1049 = -43*b. Suppose -4*z = -d - 0*z + 26, 41 = 4*d + 5*z. What is the remainder when b is divided by d?
12
Let t = 74 - 51. Suppose 24 + 84 = 4*o. Let j = 35 - o. What is the remainder when t is divided by j?
7
Suppose 2*q - 3*z - 19 = -2*z, 5*q - 55 = 5*z. Suppose 64 = -q*h + 12*h. Let w(p) = 5*p**3 + 3*p**2 - 2*p - 2. What is the remainder when w(2) is divided by h?
14
Let v(q) = 2*q**2 - 4*q - 5. Calculate the remainder when v(5) is divided by (12/10)/((-57)/(-760)).
9
What is the remainder when (16/3 - 5)*(0 + 84) is divided by 62/8 - (-1)/4?
4
Let k = 35 + -2. Suppose -v - q + 24 = 4*q, -5*v + 4*q = -k. Calculate the remainder when 19 is divided by v.
1
Calculate the remainder when (1 - -7)*(-472)/(-96)*3 is divided by 11.
8
Suppose -m + g = -6, 0 = m - 0*g + 4*g + 9. Suppose m + 2 = r. Calculate the remainder when (-1)/((15/(-63))/r) is divided by 6.
3
Let h(d) = 2*d + 9. Suppose 2*u + 4*y + 0*y - 20 = 0, 2*u = -y + 23. What is the remainder when h(7) is divided by u?
11
Let w(y) = 11*y + 268. Calculate the remainder when 28 is divided by w(-23).
13
Let c be (-2)/5 + 48/(-5). Let u = 24 + -25. Let f = u - c. Calculate the remainder when 16 is divided by f.
7
Let q(c) = 3*c**2 - 7*c - 1. What is the remainder when 872 is divided by q(-1)?
8
Let y(v) = v - 1. Let w be y(5). Suppose 2 = 2*i - l, l + w*l = -2*i + 2. Suppose -3*n - i + 7 = 0. Calculate the remainder when 6 is divided by n.
0
Let h = 86 + -15. Let p = -61 - 6. Let w = -43 - p. Calculate the remainder when h is divided by w.
23
Let s(o) be the first derivative of -o**2/2 + 13*o - 11. What is the remainder when s(10) is divided by 1?
0
Let i(q) = -q**2 - 3*q - 24. Let v(r) = 6*r**2 + 16*r + 121. Let g(f) = -11*i(f) - 2*v(f). Calculate the remainder when g(0) is divided by 5.
2
Let q(u) = u - 2. Let b be q(13). Suppose 0 = b*z - 13*z + 20. Let f = 1 + 47. Calculate the remainder when f is divided by z.
8
Let z = 16 - 18. Calculate the remainder when 133 is divided by ((-18)/(-12))/(z/(-36)).
25
Let l(n) = -4*n**2 - n - 7. Let g be l(-5). Calculate the remainder when ((-16)/4)/8*g is divided by (-1030)/(-40) + (-2)/(-8).
25
Let f = 12 - 6. What is the remainder when 18 is divided by -18*(4/f + -1) + 1?
4
Let n be (-1 - 16/4)*-1. Suppose -n*l = -7*l + 16. What is the remainder when (-23 + 0)*(1 - 2) is divided by l?
7
Let q(a) = 2*a + 20. Let t be q(6). Let k = -30 + t. Let j(h) = 2*h**3 + 2*h - 1. What is the remainder when j(k) is divided by 11?
8
Let b(p) = p**3 + p**2 - 12*p + 7. Calculate the remainder when 101 is divided by b(4).
23
Let z = 142 + -117. Calculate the remainder when 45 is divided by z.
20
Let h(m) be the third derivative of -m**5/60 + m**4/2 - m**3/6 - 6*m**2. Let b be h(10). Let c = b + -7. Calculate the remainder when 45 is divided by c.
9
Let b(x) = -24*x + 7. Let k be b(-18). Suppose -5*l - 4*q + 713 = 0, -3*q - 5 = -3*l + k. What is the remainder when l is divided by 37?
34
Suppose 5*l - 5*g = 5, -4*l - g = g - 16. Calculate the remainder when (-1)/(-1) + -4 - (-75)/l is divided by 7.
1
Let n be 3/(-1)*4/(-6). Let u = 17 + -10. What is the remainder when (-1 + 3)*u/n is divided by 2?
1
Let i(p) = 21*p - 22. Suppose -u + 4 = o - 2*o, 3*o - 16 = -u. What is the remainder when i(u) is divided by 32?
29
Let n(q) = 10*q**3 + 2*q**2 + 3*q - 10. What is the remainder when n(2) is divided by 18?
12
What is the remainder when (-2)/(-3)*19206/132 is divided by 91?
6
Let i be (2/(-3))/(2/9). Let h be (0/((-6)/i))/1. Let w(q) = q**2 + 4. Calculate the remainder when 7 is divided by w(h).
3
Let k = 37 - 23. Let q(s) = s**3 + 10*s**2 + 14*s - 10. Let h(c) = -3*c + 19. Let n be h(9). What is the remainder when k is divided by q(n)?
2
Let j = -276 + 165. Let r = 155 + j. Calculate the remainder when r is divided by 16.
12
Suppose 5*g + 90 = -45. What is the remainder when ((-25)/15)/(1/g) is divided by 23?
22
Let o(b) = -b**3 + 9*b**2 + 7*b + 11. Let q be o(9). Let f = q + -37. Calculate the remainder when f is divided by 10.
7
Suppose -8*u = -9*u + 124. Let f = u - 108. Calculate the remainder when f is divided by 6.
4
Suppose -2*q + 25 = 3*p - 0, -q + 20 = -p. Let j = q - -30. Let o(v) = 25*v**2 - 323*v - 14. What is the remainder when j is divided by o(13)?
11
Let y = -103 - -106. Let h = y - -4. What is the remainder when 22 is divided by h?
1
Let g = -1062 - -1090. What is the remainder when 70 is divided by g?
14
Let q = 212 + -180. What is the remainder when 121 is divided by q?
25
Let u(b) = -8*b + 7. Let p be u(-4). Suppose 0*d - p = -3*d. What is the remainder when 41 is divided by d + 6 + 3 + -1?
20
Suppose 2*d = 5*p + 43, -19*d + 16*d - p + 73 = 0. Calculate the remainder when 310 is divided by d.
22
Let s(c) = -4*c**3 + 1. Let k be s(1). What is the remainder when 42/(-4)*(k - -1) is divided by 148/18 + (-8)/36?
5
Let d = -67 + 178. Let c be ((-4 - 0) + 1)*26. Let h = c + d. What is the remainder when h is divided by 18?
15
Suppose -84 = -2*a - 0*a + 3*z, -126 = -3*a + 4*z. Let b = -112 - -108. Let p(i) = i**2 - 4*i - 21. Calculate the remainder when a is divided by p(b).
9
Suppose -4*f = -3*v + 128, -4*f - 164 = 7*v - 11*v. Calculate the remainder when 79 is divided by v.
7
Let y = 491 + -479. What is the remainder when 728 is divided by y?
8
Let h = -15 - -1. Let j = -5 - h. What is the remainder when 35 is divided by j?
8
Suppose -6*l = -r - 987, -6*r - 337 = -2*l - 3*r. Calculate the remainder when l is divided by 87.
77
Let v(q) = -13*q + 31. Calculate the remainder when 6/(-5)*75/(-10) is divided by v(2).
4
Let a = -45 + 135. Let x(j) = -j + 7*j + 3*j**2 - 2*j**2 + 7 + 9. What is the remainder when a is divided by x(-7)?
21
What is the remainder when 173 is divided by ((-755)/(-604))/((-2)/(-96))?
53
Let u be 2/(7/(-7)) + 62 + 0. Calculate the remainder when -2 - (-7)/(14/u) is divided by 15.
13
Suppose -6*l = -5*l - 14. Calculate the remainder when (30/(-10))/((-6)/l) is divided by 5.
2
Suppose -5*y = 3*p - 4*p + 107, 0 = -p + y + 87. What is the remainder when p is divided by 21?
19
Let d(f) = 6*f - 1. Let o(s) = -s - 3. Let q be o(-7). Suppose 0 = 4*m - q - 4. What is the remainder when 42 is divided by d(m)?
9
Let l be 5/10 + 18/4. Suppose -l*v = -40 - 20. Let h = v + -9. Calculate the remainder when 5 is divided by h.
2
Let p be (-3 + 6 - -3) + -4. Suppose -2*l + 7*l = -p*b, 4*l = -8. What is the remainder when 1 + 19 + (1 - 2) is divided by b?
4
Suppose -4*c = -8*c. Suppose -5*l - 32 + 27 = c. Let z(a) = -48*a**3 - 2*a - 1. Calculate the remainder when z(l) is divided by 17.
15
Let p(u) = -u**3 - u**2 - u - 2. What is the remainder when 22 is divided by p(-2)?
2
Suppose -20 = -0*p - 4*p. Let s(a) = 2*a**2 + 32*a + 29. Let v be s(-15). What is the remainder when 15 is divided by (3 - v)/(p - 4)?
3
Let g(q) = 3*q - 18. Let n(l) = -16*l - 99. Calculate the remainder when g(22) is divided by n(-7).
9
Let u(c) = 8*c - 1. Let f(t) = -17*t + 3. Let v(z) = 2*f(z) + 5*u(z). Calculate the remainder when v(5) is divided by -34*(28/(-8) - -3).
14
Let y = 2 + 1. Suppose a + 4*b - 18 = 0, 5*b = a - y*a + 39. What is the remainder when 37 is divided by a?
15
Suppose 4*h + 4*x = 16, 4*h + 16 = 2*x + 2*x. Calculate the remainder when (h + 33/5)*10 is divided by 23.
20
Let s(j) = -j**3 + 2*j**2 + 2*j + 5. What is the remainder when 48 is divided by s(-2)?
14
Suppose -2*x - 5 = 1. Let p = 5 + x. What is the remainder when 4 is divided by p?
0
Let k(n) = n + 26. What is the remainder when 619 is divided by k(-17)?
7
Let q(k) = 7*k - 25. Calculate the remainder when 197 is divided by q(11).
41
Let j(a) = 10*a**2 + 39*a + 13. Calculate the remainder when j(-6) is divided by 35.
34
Let p be 176/(-66)*(7/2 - -1). Calc